-4*y - 629. What are the prime factors of ((-9)/6)/(24/y)?
2, 11
Let b = 95 + -93. Suppose -117 = -x + b*z + 53, -530 = -3*x - 4*z. What are the prime factors of x?
2, 3, 29
Let x(w) = w**3 - 5*w**2 + 2*w - 7. Let g be x(5). Let h(f) = 13*f**2 + 3*f - 2. Let c be h(2). List the prime factors of 2 + 3 + g + c.
2
Let s = 381 - -909. What are the prime factors of s?
2, 3, 5, 43
What are the prime factors of (-15045)/(-8) - (15 + 1476/(-96))?
3, 11, 19
Let j(d) = -6*d**3 - 5*d**2 + 69*d - 27. List the prime factors of j(-10).
4783
Let u = 118 + -116. Let z = 0 - 0. Suppose w + 19 = u*k, z = 5*k + 3*w + 2*w - 70. What are the prime factors of k?
11
Let n = 187 - -277. What are the prime factors of n?
2, 29
Suppose j = 6*j + 5*q - 130, j - 14 = -4*q. Suppose 659 = 12*v - 13. Suppose -2*a + j = -v. List the prime factors of a.
43
Suppose 426 = 7*l - l. Suppose -l = -7*d + 405. List the prime factors of d.
2, 17
Let d be 5 - 3*1/1. Suppose d*m - 30 = -4*y, 5*y + 3*m - 25 = 3*y. Suppose 4*w - t + 7 = 5*w, y*t + 13 = 3*w. List the prime factors of w.
2, 3
Suppose 2*j - 19 = 5. Let p(t) = t**2 - 2*t + 4. Let g be p(-6). Let k = j + g. What are the prime factors of k?
2
List the prime factors of 333204/180 + 10 - 6/45.
1861
Let d = 7 + -9. What are the prime factors of (-3)/d + 6 + (-765)/(-6)?
3, 5
Let a = 10 + -10. Suppose -106 = -a*c + 2*c - w, -4*w = 4*c + 212. Let j = -35 - c. What are the prime factors of j?
2, 3
Let j = -981 + 1937. List the prime factors of j/10 + (-2)/(-5).
2, 3
Let y(g) be the second derivative of -8*g**3/3 + 5*g**2/2 + 13*g. List the prime factors of y(-1).
3, 7
Suppose -n = -5*z - 5 + 31, -5*n - 10 = -z. Suppose z*a = -2*l + l + 33, -2*l + 50 = 2*a. What are the prime factors of l?
23
Suppose -54340 = -3*f - 17*f. What are the prime factors of f?
11, 13, 19
What are the prime factors of (-637)/(-5) - (-6)/(-15)?
127
Let f = 153 - 149. What are the prime factors of f?
2
Suppose -399*l + 409*l - 11450 = 0. List the prime factors of l.
5, 229
Let f be (3/(-1))/(-2 - (-70)/32). Let a = -12 - f. What are the prime factors of a?
2
Let a = 11 + -11. Suppose -10*h + 5*h + 15 = a. Suppose 0 = -5*d + 5, -105 = -4*q - h*d + 2*d. What are the prime factors of q?
2, 13
Suppose -11*t + 9*t + 10 = 0. Suppose -t*m = -11 + 1. Suppose m*w - i = 11 + 14, 0 = 5*w + 3*i - 35. List the prime factors of w.
2, 5
Let v(w) be the third derivative of w**6/6 - w**4/6 + w**3/2 + 31*w**2. What are the prime factors of v(2)?
5, 31
Suppose -700 = -3*y - 2*i + 1016, 3*y - 3*i = 1701. What are the prime factors of y?
2, 3, 5, 19
Let f = 60 - 22. Suppose f*d - 146 = 36*d. What are the prime factors of d?
73
Let y = -169 + 184. Suppose 4*s + 73 - 29 = 0. Let p = y + s. List the prime factors of p.
2
Let z = -751 + 1169. What are the prime factors of z?
2, 11, 19
Let k = 1313 - -378. What are the prime factors of k?
19, 89
Suppose l = 4*l + n - 4425, l - 1488 = 4*n. What are the prime factors of l?
2, 3, 41
Let z = 53 - 53. What are the prime factors of 0 - (-4)/(5 - (3 + z))?
2
Suppose -26*u + 14*u = -6312. List the prime factors of u.
2, 263
Suppose u - 3*p = 2079, -34*u + 2*p = -37*u + 6270. List the prime factors of u.
2, 3, 29
Suppose -3*r + 3*s = -27, -2*r + 2*s + s + 18 = 0. Suppose -48 = 6*n - r*n. List the prime factors of n.
2
Suppose -2*j - 3*j = -15. Suppose y - 3*y - 5*x = -45, j*y - 35 = -x. What are the prime factors of y?
2, 5
Suppose -y - 2*y - 3*j = -24, 0 = -5*y + 4*j + 22. Suppose -y + 24 = s. List the prime factors of s.
2, 3
Suppose -28*c + 19268 = -6128. List the prime factors of c.
907
Let h be -10*(3 + (-14)/4). Suppose -h*b + 4*z = -18, -3*z + 5*z = 4*b - 12. Suppose -2*m + m = 3*l - 11, 11 = 3*m - b*l. List the prime factors of m.
5
Suppose 0 = -15*k + 80973 - 18063. List the prime factors of k.
2, 3, 233
Let c(y) = y**2 - 2*y + 3. Let j be c(3). Suppose -j*b + r = -2*b - 162, -3*r + 88 = 2*b. Let h = b + 9. List the prime factors of h.
2, 5
Let u(d) = 2*d**2 - 2*d + 2. Suppose -6 = q + 2*s, 3*q + s - 3*s = -26. What are the prime factors of u(q)?
2, 73
Suppose 11*o - 34 = 21. Suppose -2*k + 3*v - 810 = -o*k, -4*v + 814 = 3*k. What are the prime factors of k?
2, 7, 19
Suppose -3*p - 5*c + 506 = 0, 3*p + 0*p = 4*c + 551. List the prime factors of p.
3, 59
Let a = -314 + 960. What are the prime factors of a?
2, 17, 19
Let a = 30 + 88. What are the prime factors of a?
2, 59
Suppose 4*p = 2*p + f + 14, -2*p = -4*f - 8. Suppose -p + 4 = -2*j. Suppose g - 24 = j*t - 3, 2*t + 34 = 2*g. What are the prime factors of g?
13
Let j = 58 + 228. What are the prime factors of j?
2, 11, 13
Let f = 1902 - 1134. What are the prime factors of f?
2, 3
Let i = -285 + 981. List the prime factors of i.
2, 3, 29
Let b = -4 + -14. List the prime factors of (-6)/4*(-21)/b*-68.
7, 17
What are the prime factors of 580/2 - (-1 + 1)?
2, 5, 29
Let q(h) = 2*h**2 - 3*h - 11. Let f be q(-5). Suppose 26*i - 20*i - f = 0. What are the prime factors of i?
3
Suppose -5*c + 1 = 3*y, 3*y + 0*y - 5 = -c. Suppose -3*x = y*x - l - 175, -2*l - 134 = -4*x. List the prime factors of x.
2, 3
Let m be 18/30 - 2/(-5). Let a = 10 - m. Suppose 0 = a*q - 12*q + 159. List the prime factors of q.
53
Suppose 3*g = -111 + 186. What are the prime factors of (1 + -41)*g/(-50)?
2, 5
Suppose -4*x + 5*x + 18 = 0. Let y be (-546)/x - (-2)/(-6). Suppose u - 2*u + y = 0. What are the prime factors of u?
2, 3, 5
Let p(m) = -112*m**3 + m. Let h be p(-1). Suppose 26 - h = -5*u. Let a = u + 10. List the prime factors of a.
3
Let j(p) = 50*p - 582. List the prime factors of j(43).
2, 7
Let c(m) = -m**2 + 2*m + 11. Let y be c(5). Let u be (y/6)/((-3)/9). List the prime factors of -3 - (-43)/u*2.
2, 5
Let i(t) = 8*t + t - 47 + 41. Let z be (-6)/4*(-8)/3. List the prime factors of i(z).
2, 3, 5
Let v = 15 + -6. Let m(h) = -9*h**2 + 3*h + 0*h - 7 + 2*h + h**3 - 2*h. What are the prime factors of m(v)?
2, 5
Let l(g) = g + 31. Let o be l(-29). Suppose -3*k + 5*y = 3*y - 453, -2*k - o*y = -292. What are the prime factors of k?
149
What are the prime factors of ((-964)/3 + 3)/((-1)/3)?
5, 191
Let n = 909 - 692. List the prime factors of n.
7, 31
Let t(i) = -11*i - 10. Let a be t(18). What are the prime factors of 3 - 5 - (6 + a)?
2, 5
What are the prime factors of 24769/10 + 1/10?
2477
Suppose 0 = 5*w - 3130 + 395. What are the prime factors of w?
547
Let s(u) = u**3 + 2*u**2 + 4*u - 10. Let y be (-20)/(-6) - 18/(-27). Let z be s(y). Suppose -f = 2*f - z. What are the prime factors of f?
2, 17
Let h(m) = m**2 + 3*m - 8. Let z(o) = o**3 + 5*o**2 - 5*o + 13. Let b be z(-6). Suppose -12 = 4*c, c = -2*u - b - 10. What are the prime factors of h(u)?
2, 5
Suppose 4*p - 117 = -5*c, 0*c - 3*c + 69 = 2*p. List the prime factors of c.
3, 7
Let r(k) = -k**2 + 7*k - 5. Let a be ((-5)/4)/((-1)/4). Let o be r(a). Suppose -o*z = 5*b - 70, 5*b - 2*z - z = 70. List the prime factors of b.
2, 7
Let y be (-2)/(-4)*(323 - 25). Suppose -10*z = -y - 161. List the prime factors of z.
31
Let g(h) = 3*h**2 - 3 + 6*h**2 + 3*h**3 - 10*h + 11 - 2*h**3. List the prime factors of g(-10).
2
Let k(n) = -n**3 + 14*n**2 + n - 14. Let i be (-55)/(-4) + 3/12. Let l be k(i). Suppose 0 = -u + 5*x + 52, 2*u + l*x - 82 = -x. What are the prime factors of u?
2, 3, 7
Let d(q) = -10*q - 8. Let b = 11 - 16. What are the prime factors of d(b)?
2, 3, 7
Suppose 0 = -3*z + 5*k - 85, -3*z = -0*z + 4*k + 40. Let c be ((-68)/z - 1)*5. What are the prime factors of (-265)/(-15) + c/9?
19
What are the prime factors of 306/357 + (-30662)/(-14)?
7, 313
Let v(u) = -u**3 + 13*u**2 + 14*u + 57. List the prime factors of v(14).
3, 19
Let b(i) = 19*i**2 + 2*i - 1. What are the prime factors of b(-3)?
2, 41
Let h(k) = k**3 + 4*k**2 - 3*k + 5. Let p be h(-5). Let i = -18 + p. Let y = i - -47. What are the prime factors of y?
2, 3
Let v = -7 + 3. Let c(r) = 8*r**2 - 6*r + 15. Let l(h) = 14*h**2 - 11*h + 28. Let a(s) = -5*c(s) + 3*l(s). What are the prime factors of a(v)?
53
Suppose -40 = -5*g - j - 3*j, 3*g + 5*j = 11. Suppose -2*y = -0*y - 2*a + g, -3*y + 2*a - 14 = 0. What are the prime factors of (y + 4)*(-49)/(-2)?
7
Suppose 3*w + 3 = 0, 2*i + 5*w - 264 = 123. List the prime factors of i.
2, 7
Let b(o) be the third derivative of o**6/120 - o**5/60 - o**4/6 + o**3/6